its digit of t?
6
Suppose -206 + 710 = 2*v. What is the units digit of v?
2
Let v be (1 + 0)/((-3)/(-9)). Suppose 4*x - 23 = -v. What is the units digit of x?
5
Suppose 3*g + 91 + 38 = 0. Let t = g - -65. What is the tens digit of t?
2
Let z(i) = -i**3 - 7*i**2 - 6*i + 4. Let y be z(-6). Suppose -5*f = 2*l - 7, 4*f + 56 = y*l - 0*l. What is the tens digit of l?
1
Suppose -2*m + 7 = -4*p - 1, -5*m + 53 = p. Let h be m + -1 + -1*1. Let v = h + -3. What is the units digit of v?
5
Suppose 3*n = 6*n - 420. What is the units digit of n?
0
Let t(j) = -j**3 - 13*j**2 - 16*j - 7. What is the units digit of t(-12)?
1
Let s = -47 + 68. Suppose 0 = q - 2*u - s, -q - u + 30 = -0*u. What is the tens digit of q?
2
Let c be 2/9 + (-86)/(-18). What is the units digit of ((-75)/6)/c*-6?
5
Suppose 5*x + 57 = 447. What is the units digit of x?
8
Suppose -95 = -3*o + 49. What is the units digit of o?
8
Suppose 0 = -0*q - q - 2*l + 15, 4*q - 3*l - 115 = 0. Suppose 2*d - q = d. Suppose -3*h = 7 - d. What is the units digit of h?
6
Suppose -4*v - 16 = 0, -3*z + 3*v - 167 + 560 = 0. What is the hundreds digit of z?
1
Let r be (-120)/(-55) + (-2)/11. Let o(z) = -5*z**3 + 12*z**3 - 4 - 9*z**3 + r. What is the units digit of o(-2)?
4
Suppose 0*b = b - 12. Suppose 4*r = r - b. What is the units digit of (-15)/(-2)*r/(-5)?
6
What is the units digit of 0/1 - (3 - (96 - 2))?
1
Let j(i) = -i**2 - 12*i + 20. What is the units digit of j(-9)?
7
Suppose -4*r - 5*n = 3 - 2, 2*n + 40 = 5*r. Suppose 0 = 6*x - 4*x + r. What is the units digit of x/(2 + -5) + 0?
1
Let x = 2 + 2. Let k = 0 + -1. What is the units digit of (-3)/(k/(x/3))?
4
Let r(w) = -w**2 + 6*w + 1. Let z be r(3). What is the tens digit of ((-54)/(-15))/(3/z)?
1
Suppose -3*o + 2*o + 57 = 0. What is the tens digit of o?
5
Suppose -w - 2*t + 84 = 3*t, 0 = 5*w + 2*t - 420. What is the units digit of w?
4
Suppose 30 = -2*i + 120. Suppose 0 = o + 2*o - i. What is the tens digit of o?
1
Let i(j) = -j**2 - 5*j - 3. Let v be i(-6). Let q be (-7)/2*1*6. Let n = v - q. What is the units digit of n?
2
Suppose -4*m = -3*s + 192, 0 = -4*m + m. Let w = s + -42. What is the tens digit of w?
2
Let b = -99 - -229. What is the units digit of b?
0
Let l = -52 + 126. Suppose -148 = -4*g - 2*h, -2*g + 0*h + l = -h. What is the units digit of g?
7
Let p(z) = -24*z + 4 + 0 - z**2 + 21*z. Let i be p(-4). Let x(l) = l**2 + 11. What is the units digit of x(i)?
1
Let f(r) be the second derivative of -r**3/3 + 5*r**2/2 + 3*r. What is the units digit of f(-5)?
5
Suppose x = 31 + 12. What is the units digit of x?
3
Let o = -36 - -65. What is the units digit of o?
9
Let a = 11 + -7. Suppose -a*o + 22 = -3*o. What is the units digit of o?
2
Let p be (-6)/15 + (-27)/(-5). Suppose i - p = -0*i. Suppose 4*n - 3 = q, -2*n - 16 = -5*q + i. What is the units digit of n?
2
Suppose 3*i - 8 = -2. Suppose -5*r - q - i*q + 15 = 0, -49 = -4*r + 5*q. Let t = r - -2. What is the units digit of t?
8
Let w(u) = 3*u**2 + u - 2. Suppose -2*t = -3 + 7. What is the units digit of w(t)?
8
Let c be 6/((-4)/(-2) - 0). Suppose c*h + 5 = 4*h. What is the units digit of h?
5
Suppose 5*c + 0*x + 2*x = 5, 4*c - x = 17. Suppose c*r = -2 - 10. Let w = 7 + r. What is the units digit of w?
3
Let o = 4 + 1. Suppose -v - o*x = -0*v - 31, 0 = -5*v - 3*x + 89. What is the tens digit of v?
1
Let s(q) = 14*q**2 + q + 1. What is the hundreds digit of s(-3)?
1
Suppose 0 - 1 = -m. Suppose 4*g - 2*r - 22 = 0, -2*g - m = r - 18. What is the units digit of g?
7
Suppose 0*a - 18 = 2*a. What is the units digit of (12 + a/3)/1?
9
Let t(a) = -6*a - 5. Let z be t(-4). Let v = -7 + z. What is the tens digit of v?
1
Suppose 3*d = -0 - 6. Let x = d - -6. Suppose 4 = x*z - 0. What is the units digit of z?
1
What is the tens digit of (4 - 7) + 1 + 39?
3
Suppose 3*t - t = -y + 25, -2*y - t = -35. Suppose 0*l - i - 1 = -2*l, 0 = 5*i - y. Let n = l - -4. What is the units digit of n?
6
Let p = 23 + -13. What is the units digit of p?
0
Suppose -4*h + 2*h + 12 = 0. Suppose 3*a - 14 = 4*q + 33, 0 = -3*q - h. What is the units digit of a?
3
Let d(z) = z**3 + 7*z**2 - 2*z - 10. Let q be d(-7). Suppose -2*l = -4 - q. What is the units digit of l?
4
Let d(z) = -z**2 - 33*z - 16. What is the units digit of d(-21)?
6
Let d be 4*((-1)/(-2) - 0). Suppose -d*s = 2*s - 28. Suppose 20 = -2*j + s*j. What is the units digit of j?
4
Let i be (1 - 0)/(1/5). Let z be 0/(-2) + (-9)/(-6)*10. What is the tens digit of 0/1 - (i - z)?
1
Let x(y) be the first derivative of y**4/4 + 2*y**3/3 - y - 1. Let t be x(1). What is the units digit of ((-1)/3)/(t/(-36))?
6
Suppose -2 = 5*k - 7. What is the units digit of k?
1
Let q(k) = 2*k**2 - 3*k + 2 - k**2 - k. Let n be q(4). Suppose -i + 6 = n*i. What is the units digit of i?
2
Suppose 5*i = -4*v - 564 - 300, 2*i + 368 = 4*v. What is the units digit of 9/(-2)*i/24?
3
Let j be (-1 - -3) + (-6)/1. Let k(m) = 9*m + 3. Let q(t) = 4*t + 2. Let b(p) = 2*k(p) - 5*q(p). What is the units digit of b(j)?
4
Let k be (33/(-22))/(2/4). What is the units digit of (5/15)/(k/(-27))?
3
What is the tens digit of 654/10 - (-6)/(-15)?
6
What is the units digit of (-1)/(-2*(-4)/(-8))*242?
2
Let j(q) = -123*q - 4. What is the tens digit of j(-2)?
4
Suppose -2*d + 6*d + 4*m = 144, -3*d = 4*m - 105. What is the units digit of d?
9
Let d(t) = -t**3 + 4*t**2 + 4*t + 4. Let s(i) = i**3 - 2*i**2 + 3*i - 2. Let v be s(2). What is the tens digit of d(v)?
2
Let d be (-2)/9 - 20/(-9). Suppose -9 = s + d*s, -5*z + 8 = 4*s. What is the units digit of z?
4
Let i = 92 + -52. What is the tens digit of i?
4
Let p = -355 - -507. What is the hundreds digit of p?
1
Let w be (16/(-56))/(2/(-14)). Suppose 7*d - 30 = w*d. What is the units digit of d?
6
Suppose 6*j - 198 = -0. What is the units digit of j?
3
Suppose 3*a = -0*a + 3. Let t be -1*(a - 0)*-8. Let o = t - 4. What is the units digit of o?
4
Let g = 29 + -28. What is the units digit of g*(-41)/3*-3?
1
Let d(h) = 2*h - 2. Suppose -27 = -3*p - 0. What is the tens digit of d(p)?
1
Suppose -67 = s - 2*s. Let t = s - 40. What is the units digit of t?
7
Let d(l) = l**3 - 8*l**2 + 2*l + 19. What is the tens digit of d(8)?
3
Suppose -13 = -4*p - d - 0*d, 2*p - 2*d + 6 = 0. What is the units digit of (25/5)/(p/6)?
5
Let o(i) = -i. Let q(y) = 3*y + 1. Let d(h) = -4*o(h) + q(h). Let n be d(-1). What is the units digit of (-2)/(-3) + (-44)/n?
8
Suppose 5*t = 10, 3*a + 5*t - 14 = 2*a. Suppose -5*l + a = -3*l. Suppose l*q = q + 1. What is the units digit of q?
1
Suppose -1 = -3*n + 23. What is the units digit of n?
8
Let t(i) = i + 49. What is the tens digit of t(10)?
5
Suppose n - 91 = -3*t, -2*t + 5*t = -6. What is the units digit of n?
7
Let z be (2/2)/(3/9). What is the units digit of (-4)/(-4)*(z + 1)?
4
Let p(i) = -3*i**3 - 18*i**2 + 19*i + 3. Let r(h) = -h**3 - 9*h**2 + 9*h + 1. Let w(y) = 2*p(y) - 5*r(y). What is the units digit of w(8)?
9
What is the units digit of -21*14/(-10) - (-32)/(-80)?
9
Let n = -5 - 1. Let q = n - -10. Suppose 4*t - 32 = 5*o, -3*t + 25 - q = -3*o. What is the units digit of t?
3
Let k(h) = h**2 + 3*h - 3. What is the units digit of k(2)?
7
Suppose -7*o = -10*o + 72. What is the units digit of o?
4
What is the tens digit of (354/3)/(-5 + 7)?
5
Let v be (0/3)/((-1)/(-1)). Suppose 4*w - 49 = 2*j - 11, -w + j + 12 = v. What is the units digit of w?
7
Suppose 0 = -3*v - 47 - 61. Let g = -12 - v. What is the units digit of g?
4
Let f(p) be the second derivative of p**3/6 + p**2/2 - p. Let g be f(3). What is the units digit of g - (0/3 - -1)?
3
Let l(c) = -65*c + 2. What is the hundreds digit of l(-2)?
1
Let z = -15 - 5. Let s = -11 - z. What is the units digit of s?
9
Let w be (-19092)/(-14) + 10/35. What is the tens digit of (-2)/(-7) + w/28?
4
Let d = -13 - -37. Suppose 4*j = -4*m + d, -2*j - 2*m + m + 7 = 0. What is the units digit of j?
1
Let v be 1 + 0 + (3 - 1). Let w = -6 + v. Let i = w + 6. What is the units digit of i?
3
Let m(w) be the first derivative of -w**4/4 + 3*w**3 + w**2 - 8*w + 3. What is the units digit of m(9)?
0
Let s(d) = -d**2 + 2*d - 1. Let f be s(3). Let u(a) = -a + 5. What is the units digit of u(f)?
9
Suppose 5*w + 0*v - 411 = 3*v, v = -3*w + 255. What is the tens digit of (w + 2)*2/4?
4
Suppose 5*g + z - 196 = -2*z, 5*g 